 -x**3 + 10*x**2 - 12*x. Let t(k) = -k**3 + 19*k**2 - 23*k + 1. Let n(y) = 5*m(y) - 3*t(y). Is n(q) composite?
False
Suppose -j = 299 + 155. Let t = 69 - j. Is t a composite number?
False
Suppose -11*j + 218775 = 4*j. Is j prime?
False
Is 120/(-20)*(-161)/6 composite?
True
Suppose 14 + 166 = 2*g. Is 12/g*3 + (-3406)/(-10) prime?
False
Let o be -2*((3 - -1) + -3) + 422. Let d = 79 + o. Is d a composite number?
False
Suppose -y + 9269 = -3*a + 17, y - 9262 = 5*a. Is y a prime number?
False
Suppose 1 = 5*j + 4*x - 7, 4*x - 8 = -4*j. Suppose 3*n + 5 = 5*c - 2*n, j = -n + 1. Suppose h + 332 = d - 2*h, 0 = -c*d - 4*h + 634. Is d composite?
True
Let u(b) = -1713*b**3 + 3*b**2 + 5*b. Is u(-1) a prime number?
False
Let z be 1380/13 + (-24)/156. Let v = z + -53. Is v prime?
True
Suppose 20*i - 19*i - 2074 = 5*h, h + 2094 = i. Is i prime?
True
Let y(u) = 500*u**2 + 4*u + 17. Is y(6) a prime number?
True
Is 147/49 + (-15078)/(-2) + 1 a composite number?
True
Let x be (-4878)/30 + 4/(-10). Let k be (-6)/(-9)*(2 - x). Let h = k + -43. Is h prime?
True
Let a(r) = -4*r + 10. Let o be a(4). Let h = o + 9. Suppose -d + 12 + 123 = 2*s, 4*s + 375 = h*d. Is d composite?
True
Let w be 92/(-69)*(-18)/(-2). Is 3/w - 8213/(-4) a prime number?
True
Let s(w) = -92*w + 18. Let d be s(-14). Let r = d + -731. Suppose -f = -6*f + r. Is f prime?
False
Let h be -4 + -4*(4 + 1115/(-4)). Let g = -614 + h. Is g composite?
True
Let a be (-1)/(-1) + (-6 - 11). Is -1 + (2630/20)/((-1)/a) a composite number?
True
Let o(z) be the first derivative of 8*z**2 + 3*z - 18. Suppose 3 = 2*l - a, -2*a - 2*a + 28 = 2*l. Is o(l) a prime number?
True
Let n = 2092 + -1010. Is n composite?
True
Let j = 20 + -16. Let n be (-7)/(-14) - (-22)/j. Let b(q) = 6*q - 11. Is b(n) prime?
False
Suppose 0 = 3*m - 6*g + 10*g - 273863, -5*m = -5*g - 456380. Is m a prime number?
False
Let t be ((4/(-3))/((-3)/(-9)))/2. Let u(a) = -1 - 25*a**3 + 5*a + 0*a**3 - 2*a**3 + 4 + 3*a**2. Is u(t) a prime number?
False
Let m be (-1)/6*-4 + 2552/(-12). Is (0 + -9)/3 - m prime?
False
Let j(f) be the second derivative of 7*f**4/12 - 5*f**3/6 + 9*f**2/2 - f. Suppose 5*o + 13 = 5*v - 37, 2*v + 3*o - 5 = 0. Is j(v) prime?
True
Let c(z) be the third derivative of 7*z**4/12 + 13*z**3/6 - 10*z**2. Let i be c(9). Let j = i + -12. Is j composite?
False
Suppose 12*c = 16*c + 20. Let h be 24/(-40) + (-3)/c. Suppose -3*s - 2*s - 5*f + 395 = 0, 4*s + 3*f - 314 = h. Is s a prime number?
False
Let o = 2 - 0. Let i be (-1)/(o*(-3)/1338). Let u = i - 74. Is u a prime number?
True
Suppose 0 = -7*z + 2*z + 25. Suppose -s = z*q + 2*s + 2, -4*q + 20 = -3*s. Suppose -4*l + 533 = -n + 4*n, -q*l - 2*n + 268 = 0. Is l prime?
True
Let c be 5 - 0/(2/(-2)). Suppose 0 = -4*j + c*j + 9. Is (78/(-9))/(2/j) a prime number?
False
Is (204/(-4))/(48/(-27728)) a prime number?
False
Let q(a) = 43*a - 187. Is q(18) composite?
False
Suppose 3*t = p + 2 + 9, -22 = -5*t - 2*p. Suppose 0 = -3*d + 5*b + 696, 5*d - 2*d = -t*b + 723. Is d composite?
True
Is (-1)/(-6) - 351143/(-78) - 3 composite?
True
Suppose m + 0*m = 0. Suppose 2*k - 4*k - 3*d + 990 = m, 3*d - 2466 = -5*k. Suppose -l = -5*l + k. Is l a composite number?
True
Let y(j) = j**2 - 6*j - 8. Let t be y(7). Let b(m) = -1482*m - 1. Is b(t) composite?
False
Let h be 2/((-4)/(-2))*-13. Let c(f) = f**2 - 20*f + 25. Let u be c(16). Is (h/u)/((-1)/(-381)) prime?
True
Let m = 351 - -1496. Is m a prime number?
True
Let r(j) = 130*j + 4. Let z be 22*(2 + (-12)/8). Let o be r(z). Suppose 0 = 3*b - 531 - o. Is b composite?
True
Let k(m) = -m**3 - 7*m**2 + 14*m - 24. Let r be k(-12). Let d = r - -379. Is d composite?
False
Is (-790976)/(-160)*(-10)/(-4) a prime number?
False
Suppose 7 = 2*f - 1. Suppose -f*s - 5*x + 35 = 0, s + 34 = 6*s + 3*x. Suppose 5*m + 1450 = s*r, -4*r - 4*m + 1181 = -m. Is r a prime number?
True
Let s(w) = 39*w**2 - 160*w. Is s(11) a composite number?
True
Suppose -2*v = -5*f + 71 + 224, 5*v - 59 = -f. Is f a prime number?
True
Let o(t) = -t**2 - 9*t - 16. Let m be o(-6). Suppose 4*l - 6308 = m*l. Suppose -y = 5*u - l, 4*y - y = -3. Is u prime?
True
Suppose -5*u = -0*u - 60. Let a be 2*1 + 8328/u. Let m = a + -459. Is m a composite number?
True
Suppose 2546 = i - 5625. Is i a prime number?
True
Suppose -4*f + 35 = 3*u, 3*f - u - 10 = -0*u. Suppose -10*r + 10185 = f*r. Is r prime?
False
Let r = -12864 - -23217. Suppose 15*x = r + 2802. Is x a prime number?
True
Suppose -40953 + 3870 = -3*s. Is s prime?
False
Suppose 0 = -12*j - 5351 - 10033. Suppose -2*l + 1 + 3 = 0. Is (2/(-2))/(l/j) prime?
True
Let d(i) = -1. Let m(r) = -39*r + 5. Let f(q) = -d(q) - m(q). Is f(7) a composite number?
False
Let t = 4 + 0. Is t*71/(-8)*-10 composite?
True
Let b(n) be the third derivative of -n**6/120 - 3*n**5/20 - 13*n**4/24 + 4*n**3/3 - 9*n**2. Let l be b(-11). Suppose -l + 76 = -s. Is s composite?
False
Suppose 4*v + 13*s - 15096 = 10*s, -4*v + 15120 = -3*s. Is v composite?
True
Let c be (-3)/(-2)*96/(-4). Let x = c + 45. Is (1/(-2))/(x/(-3582)) composite?
False
Let n be (1 - (-6)/(-8)) + 56/32. Suppose -169 = -n*s - j, j + 2*j + 3 = 0. Is s a composite number?
True
Let u = 16167 - 8849. Is u a prime number?
False
Suppose 0 = g + 4*g - 2*z - 44749, -4*g - 2*z + 35810 = 0. Is g a composite number?
False
Let y be (-12)/20 - (-324)/15*1. Is ((-822)/3)/(y/9 + -3) a prime number?
False
Let m = -439 + 630. Suppose 582 = 4*j - 2*u, 10*j - 13*j + u + 437 = 0. Let o = j + m. Is o a prime number?
True
Let f be (-3)/(-2)*-2 - (1 + -11). Is (-17)/f - -2 - (-3520)/14 prime?
True
Suppose -3*u = -z + 292, 4*u - 1200 = -3*z - z. Suppose -79*t + z = -77*t. Is t a composite number?
False
Let m = 1025 + 472. Is m composite?
True
Suppose -169*c + 128*c + 3072089 = 0. Is c a prime number?
True
Suppose -468 = 5*y + 327. Let q be y/(-2) - (-7)/(-14). Suppose p - 2666 = -3*g, g - q - 813 = 3*p. Is g a composite number?
True
Suppose -961*f = -957*f - 77764. Is f a composite number?
False
Let r(f) = 24*f**2 - 43*f - 5. Let w be r(10). Suppose -3*o + 1728 = -w. Is o a composite number?
False
Suppose -5*t = 5*p + 170, 2*p = -5*t + 4*p - 142. Let o be t/(-7) + (-16)/56. Is (-12)/o - 1 - -115 a prime number?
False
Is -3 + (-1)/((-25964)/(-8656) - 3) composite?
False
Suppose 0 = -5*b + 5*u + 30, -4*b + 2*u = 5 - 29. Suppose 2*a - 4*d = b*a - 800, 3*a + 4*d = 599. Is a composite?
True
Let g(z) be the first derivative of -z**4/4 + 4*z**3/3 - z**2 - 2*z + 4. Let j be g(2). Suppose -j*t = -6*t + 436. Is t a composite number?
False
Let o(c) = 1403 + 0*c**2 + c**2 - 1242. Let w(v) = -v**3 - 7*v**2 - v - 7. Let y be w(-7). Is o(y) a prime number?
False
Let f = -9 + 6. Let w = f - -6. Suppose -4*o + w*o = -527. Is o a prime number?
False
Is -7 + 412*8/16 a composite number?
False
Suppose 0 = -5*s + 3*q + 874, 4*q + 0 = 8. Let y = 143 + s. Is y composite?
True
Let d = 6 + -2. Is (-6692)/(-20) + d/10 a prime number?
False
Suppose 16*n = -28*n + 576092. Is n a prime number?
True
Suppose 30 = 5*b + 715. Let d = b + 630. Is d composite?
True
Suppose 5*l = -b + 3*b - 447, -4*b = 4*l - 824. Is b + (-5)/(-15)*0 a prime number?
True
Let h = -1057 - -395. Let m = -380 - h. Suppose m = 4*f - f. Is f a composite number?
True
Let m be (-1)/(((-12)/3)/16). Let s(h) = h**3 + 9*h**2 + 7*h - 8. Let y be s(-8). Is 261 - (y + m) - 3 a composite number?
True
Let j(z) = 2*z + 13. Let y be j(0). Is y/(-4 + 58/14) a prime number?
False
Let y = -939 + 3350. Is y a prime number?
True
Suppose 0 = -922*d + 929*d - 81319. Is d a composite number?
False
Suppose o + 4*t - 3975 = -2*o, t = 3*o - 3990. Let l be 1/(3988/o + -3). Suppose -3*b - l = -6*b. Is b a composite number?
False
Let o(r) = r**3 + 4*r**2 + 2*r - 5. Let d be o(9). Suppose -d = -4*x - 302. Is x a composite number?
False
Let i = -224 - -54. Is i/(-15)*165/10 a composite number?
True
Let z = 33 + -31. Suppose 3094 = 2*d + 4*c, 4*c - 6176 = -4*d + z*c. Is d a composite number?
False
Suppose -4*z + 9*z = 11655. Suppose z = 6*k - 3075. Is k a composite number?
True
Suppose -438 = -2*p - 4*h, 0*p - 3*h = -2*p + 431. Let a = -335 + p. Is 6/(-4)*a/3 a composite number?
False
Suppose 214*u - 224*u + 495970 = 0. Is u prime?
True
Is (-1 - (-10)/12) + 1316860/24 a prime number?
True
Suppose 2*s = 2*o - 6260, -2*o + 4*s =